*p + 8127 = -46*p. Calculate the greatest common divisor of 731 and p.
43
Suppose 56 = t + r, -t - 2*t + 4*r = -168. Let g be -3 - 5/(-10)*2. Let o be ((-1)/g)/(9/144). Calculate the highest common divisor of t and o.
8
Suppose 6*w - w = 315. Suppose 0*v - w = -v. Suppose -3*y + k = -19, 5*y + 0*k - 3*k = 29. What is the highest common factor of y and v?
7
Suppose -106*o + 91*o = -2925. Calculate the greatest common factor of o and 45.
15
Let y(s) = -45*s**3 - s**2 + s + 1. Let u be y(-1). Suppose -8 + 92 = -3*w + 2*b, w + 35 = 3*b. Let d = w + u. Calculate the greatest common divisor of 2 and d.
2
Let v(i) = 8*i + 70. Let p be v(0). Calculate the highest common divisor of p and 90.
10
Suppose 2*w - l = 3*l, 2*l = 3*w - 4. Let s = -19 - -22. Suppose -2*a + 2 = 3*r, 4*a = r - s*r + 4. Calculate the greatest common divisor of w and a.
1
Let w = 2 + 68. Suppose -4*j + u + 122 = -156, -3*j + u = -208. Suppose -4*y - j = -9*y. Calculate the greatest common factor of y and w.
14
Suppose 0 = -11*a + 97 + 35. Suppose -67 = -a*p + 65. Calculate the highest common divisor of p and 55.
11
Let m be -1*2 - (4 + 18 - -2). Let u = m - -30. What is the greatest common factor of u and 28?
4
Let p(t) = t + 15. Let y be p(-7). Let g be (1 - -290)*y/(-6). Let n = 549 + g. Calculate the greatest common factor of n and 23.
23
Let y = -92 + 93. What is the greatest common factor of 17 and y?
1
Let r(c) = -4*c**2 + 2*c - 9. Let x be r(8). Let y be (-12)/20 + x/(-15). Let k = -136 + 280. Calculate the highest common factor of y and k.
16
Suppose 3*u + 6*k - 5*k - 265 = 0, 3*k - 179 = -2*u. Calculate the greatest common factor of u and 352.
88
Let w = -27 + 29. Suppose 4*j + w = 58. Calculate the greatest common divisor of 35 and j.
7
Let f(i) = i**2 + 2*i. Let w be f(-5). Let c = -31 - -42. Let b be (-1*15*c)/(-1). Calculate the highest common divisor of b and w.
15
Let q(p) = -12*p + 4. Let l be q(-4). Suppose 0*n + l = 4*n. Let k be 7008/60 + 1*2/10. What is the greatest common factor of k and n?
13
Let c(r) = r**2 + 3*r - 7. Let s be c(2). What is the highest common factor of s and 219?
3
Suppose -q + 112 = -0*q + 4*n, 0 = -2*n + 2. Let z = -73 + q. Calculate the highest common factor of 140 and z.
35
Suppose 4*a + 3*z - 7*z = 44, 1 = -a - 3*z. Suppose -3*k + 7*k = 3*r + 31, 3*k + 5*r = -13. What is the highest common factor of a and k?
4
Suppose 2*i - 3*i + 95 = 0. Suppose -143 - i = -2*p. Suppose 0 = 5*u + 3*r - 70, -7*u - 43 = -11*u - 5*r. What is the highest common factor of u and p?
17
Suppose -2 = -4*t + 14. Suppose a + j = -2 + 5, t*a - 5*j = 3. Suppose -a*h - 12 = -8*h. Calculate the greatest common divisor of h and 4.
2
Let g = 75 + -48. Let l be 6/g + (1 - (-3988)/36). What is the highest common divisor of 16 and l?
16
Let f(s) = 37*s**2 - s. Let p be f(-1). Suppose 3*n - 192 - 96 = -3*c, 4*n = 5*c - 471. Calculate the highest common factor of p and c.
19
Let d be (-8 - (0 + -126)) + (1 - -5). What is the highest common factor of 341 and d?
31
Suppose 18 - 3 = c. Let q be -8 + (126/(-2))/(-7) - -4. Calculate the highest common divisor of c and q.
5
Let j(f) = 2*f - 42. Let p be j(18). Let r be ((-30)/(-18))/((-1)/p). Calculate the highest common divisor of 90 and r.
10
Suppose 64 = 3*z - 5*k - 69, -3*z = -2*k - 118. Let t = -91 + 37. Let b = t - -66. Calculate the greatest common divisor of b and z.
12
Suppose 2*z - 25 + 7 = 0. Let s = -6 + z. Suppose 13 = s*u - 143. Calculate the highest common divisor of u and 13.
13
Let r be (24/(-20))/(-4 + (-524)/(-130)). Suppose -24 = 2*s - 4*f, -3*s + 5*f + 15 = 50. Let x = s - r. Calculate the greatest common factor of 203 and x.
29
Suppose -9*f - 5*n + 55 = -7*f, -4*f = -5*n - 35. What is the highest common factor of 3 and f?
3
Let w = -939 - -1629. Calculate the highest common divisor of 120 and w.
30
Let m be 24/(-2 - (-2 + -1)). Let y = -65 + 129. Let q = 128 + y. What is the greatest common factor of q and m?
24
Suppose 0 = -4*v - 12, 3*x + 29 + 4 = 5*v. Let l = x + 26. What is the greatest common divisor of 110 and l?
10
Let b = 1023 + -558. What is the greatest common factor of 651 and b?
93
Suppose -24 = -2*g - 0*g. Let v be 4/4 - -1*6*6. Let c = -13 + v. Calculate the highest common divisor of g and c.
12
Let m = -28 + 47. Calculate the highest common factor of m and 19.
19
Let v be ((-2)/4)/(3/(-114)). Let f = 61 + v. Calculate the highest common factor of 10 and f.
10
Let o = 1096 - 728. Calculate the greatest common factor of 112 and o.
16
Suppose 4111*i + 1605 = 4116*i. Calculate the highest common factor of i and 3.
3
Let n = 132 - 55. Calculate the greatest common factor of 22 and n.
11
Let w(b) = 63*b + 784. Let o be w(-5). What is the highest common divisor of o and 14?
7
Suppose 4*l - 10 = -l. Suppose l*m - 160 = -40. Let x(u) = 5*u**2 + 122*u + 60. Let i be x(-24). What is the highest common factor of m and i?
12
Let v = -18 + 63. Let z = -109 + 114. Calculate the highest common factor of z and v.
5
Let l be (-11)/33 - 272/(-6). Suppose -6*s + 8 = -4. Suppose 2*c - 3*o = -c + l, -3*c - s*o + 35 = 0. What is the highest common factor of c and 52?
13
Let a(d) = -2. Let v(y) = 17*y - 11. Let s(i) = 6*a(i) - v(i). Let w be 2/(1/((-3)/2)). Let q be s(w). Calculate the greatest common factor of 20 and q.
10
Let a = 33 + -28. Let u be a - (-2 + -4 + 8). Suppose 0 = 5*v + t - 65, 5*t - 1 = -v + 36. Calculate the greatest common divisor of v and u.
3
Suppose -51*g = -122 - 82. What is the highest common divisor of 212 and g?
4
Let i(v) = -v**2 - 9*v + 3. Let a be i(-9). Suppose h = 3*l + 3*h - 270, 0 = a*l - h - 261. Let q = 4 - -7. Calculate the greatest common divisor of l and q.
11
Let h(y) = -y**2 + 12*y - 22. Let o be h(9). Suppose -o*i + i + v = -28, 5*i = 4*v + 46. Let p = -3 + 15. Calculate the highest common factor of i and p.
6
Let f(q) = -33*q - 11. Let d be f(-6). Suppose 4*x + d = 5*o, 3*x - 1 - 44 = -o. Let u = -25 + o. Calculate the highest common factor of u and 14.
14
Suppose 8 = 3*n - 1, -3*k + 312 = 3*n. Suppose 5*m = 4*h - 187, -246 = -3*h - m - k. Calculate the highest common divisor of h and 12.
12
Suppose 2*d = -0*d. Suppose 2*a + 10 = -4*f - d, 2*f + 2*a + 6 = 0. Let j be (1 + f)*(-96)/12. Calculate the highest common factor of 16 and j.
8
Let k be 27/6 - (-1)/2. Suppose k*z + m - 40 - 99 = 0, 0 = 4*z + 5*m - 128. Calculate the greatest common divisor of 18 and z.
9
Let a(l) = 6*l + 35. Let y be a(21). What is the greatest common factor of 7 and y?
7
Let v = 244 + -238. What is the highest common factor of 162 and v?
6
Suppose -4*o + 3*l + 17 = 0, o - 2 = 3*o + 2*l. Suppose -o*x - 3*j = 3*x - 246, -5*x = j - 242. Calculate the highest common divisor of 12 and x.
12
Suppose -2*y + 4*y - 72 = 4*w, 0 = 4*y + 4*w - 96. Let h = -844 - -348. Let t = -188 - h. What is the greatest common factor of t and y?
28
Suppose 0 = 11*z + 34 - 67. What is the highest common factor of 3 and z?
3
Suppose 6*r - 274 - 86 = 0. Suppose 0 = -2*m - 3*m + r. Let d be 3*16/m - -16. What is the greatest common divisor of d and 20?
20
Let z be (-4)/(-1) - 872/(-4). Let u = z + -156. Calculate the highest common factor of u and 6.
6
Let t = 773 - 512. Suppose 23*l - 584 = 83. Calculate the highest common divisor of t and l.
29
Let q = 5 - 3. Let s be (2/(-7) - q/42)*-78. What is the highest common divisor of s and 26?
26
Let w be 2/13 - 41049/(-117). Calculate the highest common factor of 54 and w.
27
Let b = -1611 - -1707. Let g be 128/12*6/4. What is the greatest common divisor of b and g?
16
Let y = -148 - -458. What is the greatest common factor of 10 and y?
10
Let i be 8/(5*(-8)/(-20)). Let r be 136/(-6)*3/(-2). Suppose -154 + r = -i*n. What is the highest common factor of 10 and n?
10
Let v(q) = 4*q**3 + q**2 - q + 2. Let t be v(2). What is the greatest common factor of 4 and t?
4
Let o be 4/14 - 30208/(-112). What is the highest common divisor of 30 and o?
30
Let l = 9 - 1. Suppose a - l*p - 31 = -4*p, -5*a = -2*p - 245. Suppose -5*h = 2*q - 2*h - 68, -2*h = -3*q + 102. What is the highest common factor of a and q?
17
Suppose 4*k = 3*s + 258, 4*k - 5*s = k + 199. Let o(t) = t - 10. Let d be o(17). Calculate the greatest common divisor of d and k.
7
Suppose 0 = 3*d - 9, 3*k - d - 90 = -6*d. Suppose m